{"id":102,"date":"2021-10-24T14:47:46","date_gmt":"2021-10-24T12:47:46","guid":{"rendered":"https:\/\/ferme-salles.azurewebsites.net\/?page_id=102"},"modified":"2022-10-07T13:39:09","modified_gmt":"2022-10-07T11:39:09","slug":"ponsampere","status":"publish","type":"page","link":"https:\/\/ferme-salles.azurewebsites.net\/index.php\/ponsampere\/","title":{"rendered":"Ponsamp\u00e8re"},"content":{"rendered":"\n<h2 class=\"wp-block-heading\">Situation g\u00e9ographique<\/h2>\n\n\n<div class=\"wp-block-image\">\n<figure class=\"aligncenter size-full\"><img loading=\"lazy\" decoding=\"async\" width=\"975\" height=\"658\" src=\"\/wp-content\/uploads\/2021\/10\/ponsam1-1.jpg\" alt=\"\" class=\"wp-image-103\" srcset=\"\/wp-content\/uploads\/2021\/10\/ponsam1-1.jpg 975w, \/wp-content\/uploads\/2021\/10\/ponsam1-1-300x202.jpg 300w, \/wp-content\/uploads\/2021\/10\/ponsam1-1-768x518.jpg 768w\" sizes=\"auto, (max-width: 975px) 100vw, 975px\" \/><\/figure>\n<\/div>\n\n\n<p>Pour les amoureux de la nature et du calme, le Gers est un d\u00e9partement \u00e0 d\u00e9couvrir.<\/p>\n\n\n\n<p>Mais notre d\u00e9partement sait \u00e9galement s&rsquo;animer pour accueillir de grandes manifestations musicales :<br>&nbsp;&nbsp;&nbsp;&#8211;&nbsp;autour du 14 Juillet : Festival de&nbsp;\u00a0\u00bb Music Country \u00a0\u00bb&nbsp;\u00e0 Mirande .<br>&nbsp;&nbsp;&nbsp;&#8211; dernier week &#8211; end de Juillet :&nbsp;\u00a0\u00bb Tempo Latino \u00a0\u00bb&nbsp;\u00e0 Vic Fezensac.<br>&nbsp;&nbsp;&nbsp;&#8211; premi\u00e8re quinzaine d&rsquo;Ao\u00fbt : Festival de&nbsp;\u00a0\u00bb Jazz in Marciac \u00ab\u00a0.<\/p>\n\n\n\n<p><\/p>\n","protected":false},"excerpt":{"rendered":"<p>Situation g\u00e9ographique Pour les amoureux de la nature et du calme, le Gers est un d\u00e9partement \u00e0 d\u00e9couvrir. Mais notre d\u00e9partement sait \u00e9galement s&rsquo;animer pour accueillir de grandes manifestations musicales :&nbsp;&nbsp;&nbsp;&#8211;&nbsp;autour du 14 Juillet : Festival de&nbsp;\u00a0\u00bb Music Country \u00a0\u00bb&nbsp;\u00e0 Mirande .&nbsp;&nbsp;&nbsp;&#8211; dernier week &#8211; end de Juillet :&nbsp;\u00a0\u00bb Tempo Latino \u00a0\u00bb&nbsp;\u00e0 Vic Fezensac.&nbsp;&nbsp;&nbsp;&#8211; premi\u00e8re [&hellip;]<\/p>\n","protected":false},"author":1,"featured_media":0,"parent":0,"menu_order":0,"comment_status":"closed","ping_status":"closed","template":"","meta":{"footnotes":""},"class_list":["post-102","page","type-page","status-publish","hentry"],"_links":{"self":[{"href":"https:\/\/ferme-salles.azurewebsites.net\/index.php\/wp-json\/wp\/v2\/pages\/102","targetHints":{"allow":["GET"]}}],"collection":[{"href":"https:\/\/ferme-salles.azurewebsites.net\/index.php\/wp-json\/wp\/v2\/pages"}],"about":[{"href":"https:\/\/ferme-salles.azurewebsites.net\/index.php\/wp-json\/wp\/v2\/types\/page"}],"author":[{"embeddable":true,"href":"https:\/\/ferme-salles.azurewebsites.net\/index.php\/wp-json\/wp\/v2\/users\/1"}],"replies":[{"embeddable":true,"href":"https:\/\/ferme-salles.azurewebsites.net\/index.php\/wp-json\/wp\/v2\/comments?post=102"}],"version-history":[{"count":1,"href":"https:\/\/ferme-salles.azurewebsites.net\/index.php\/wp-json\/wp\/v2\/pages\/102\/revisions"}],"predecessor-version":[{"id":139,"href":"https:\/\/ferme-salles.azurewebsites.net\/index.php\/wp-json\/wp\/v2\/pages\/102\/revisions\/139"}],"wp:attachment":[{"href":"https:\/\/ferme-salles.azurewebsites.net\/index.php\/wp-json\/wp\/v2\/media?parent=102"}],"curies":[{"name":"wp","href":"https:\/\/api.w.org\/{rel}","templated":true}]}}